 (base 5) to base 13
c75a3
122111002010 (base 3) to base 15
6be80
200204233 (base 5) to base 7
6461401
121150 (base 6) to base 2
10100110011010
What is -2000210010000 (base 3) in base 15?
-16474c
56335330 (base 7) to base 3
100012002101011
-d38e (base 16) to base 11
-37765
What is 15bac8d (base 15) in base 7?
251064424
Convert -10014411 (base 5) to base 11.
-54692
Convert -20dc5 (base 15) to base 6.
-2123052
18a464 (base 15) to base 4
10210300033
Convert 110133060 (base 7) to base 6.
353425413
Convert -773729 (base 11) to base 15.
-195c95
d705c (base 14) to base 7
4260145
-11101000001101011110100 (base 2) to base 11
-43278a2
Convert 164460 (base 15) to base 8.
4070557
-17126664 (base 9) to base 2
-100000101110110000110001
What is 2d378 (base 15) in base 13?
51551
What is 421300324 (base 5) in base 4?
12221233133
What is -3964830 (base 12) in base 4?
-223032012210
-441657 (base 8) to base 10
-148399
Convert -18c6d3 (base 14) to base 4.
-3112231101
1645266 (base 7) to base 11
147851
Convert -120100102122 (base 3) to base 13.
-a7690
Convert 113233110112 (base 4) to base 9.
12634464
What is 314011204 (base 5) in base 7?
14106606
Convert 6393a (base 11) to base 13.
33418
1030202331 (base 4) to base 6
10415313
What is 1e08b3 (base 15) in base 10?
1470093
What is -739642 (base 16) in base 6?
-430205534
1be143 (base 15) to base 8
5147514
What is c4c35 (base 13) in base 11?
221728
What is -10001110110010010001 (base 2) in base 13?
-176285
Convert 564464 (base 7) to base 14.
2866b
What is 12232230 (base 4) in base 11?
19789
Convert -1b347b (base 12) to base 2.
-1110101110111011111
Convert -24314214 (base 5) to base 10.
-229309
-303a683 (base 11) to base 13
-1161642
What is -890210 (base 11) in base 4?
-11122302032
-213786 (base 9) to base 13
-46050
Convert -1100100100001010 (base 2) to base 8.
-144412
What is -101010011001011000100 (base 2) in base 16?
-1532c4
-1011001110221 (base 3) to base 2
-10010101001110110011
-1130300 (base 6) to base 3
-2222011000
Convert 24678 (base 15) to base 3.
12220102012
What is 3775213 (base 8) in base 12?
42600b
Convert -a46737 (base 11) to base 8.
-6315173
Convert 6584037 (base 11) to base 16.
b058f9
What is 1220531 (base 10) in base 6?
42054335
What is 1011011100011100111 (base 2) in base 12?
161033
What is 5566553 (base 7) in base 10?
689027
What is -2163651 (base 11) in base 10?
-3796794
Convert -4897626 (base 11) to base 10.
-8516492
What is -4331c0 (base 13) in base 2?
-110000001001100101011
Convert -112240421 (base 5) to base 11.
-318351
What is -15a054a (base 12) in base 11?
-2561602
What is -538366 (base 9) in base 16?
-4e627
Convert -27555 (base 8) to base 6.
-132113
What is -259172 (base 14) in base 2?
-100111011100110110000
23303661 (base 7) to base 11
1181621
What is 287a1a (base 11) in base 6?
13350150
What is 10303321332 (base 4) in base 15?
19da3c
-5452733 (base 9) to base 11
-1720056
What is 1130011302 (base 4) in base 7?
3130500
70373 (base 11) to base 15
20770
Convert -355a7 (base 14) to base 2.
-11111110000101111
What is -1432531503 (base 6) in base 8?
-103627637
What is 1122002122 (base 3) in base 2?
111110110010011
111123012220 (base 4) to base 5
2414203130
11101011100100001 (base 2) to base 11
82685
Convert -1411661 (base 7) to base 8.
-557066
1014300 (base 6) to base 5
3031144
Convert 2021110211002 (base 3) to base 6.
41533515
Convert -586d6 (base 14) to base 11.
-137915
Convert -134114212 (base 5) to base 6.
-22454451
Convert -1127035 (base 8) to base 10.
-306717
Convert 131313311 (base 4) to base 12.
5a985
Convert -4c2a90 (base 15) to base 12.
-12827b3
-21507 (base 13) to base 16
-eb0b
Convert -2f7de5 (base 16) to base 6.
-150413205
What is 133ca0d (base 14) in base 15?
c387dc
Convert 116a03 (base 15) to base 6.
25502103
1110010011011101 (base 2) to base 14
174cd
What is 122121222210 (base 3) in base 13?
c1c32
Convert -233330133 (base 4) to base 2.
-101111111100011111
-1ba3bb (base 16) to base 14
-3521ab
Convert -6010406 (base 7) to base 16.
-acf91
Convert -54101 (base 6) to base 16.
-1cd5
-111c48 (base 16) to base 9
-2088176
Convert -e60b6 (base 16) to base 7.
-11003056
211286 (base 16) to base 7
24265016
What is 1054822 (base 12) in base 16?
2f449a
Convert 1035611 (base 7) to base 16.
1ef95
9796734 (base 10) to base 9
20381530
Convert 2023310232 (base 5) to base 8.
17555622
Convert 42d8a (base 15) to base 4.
303311101
Convert 121000122101111 (base 3) to base 12.
2a28104
Convert -a96c54 (base 14) to base 13.
-1260c67
Convert -ba548 (base 14) to base 3.
-211220201221
What is -122033332 (base 4) in base 11?
-73864
Convert -14330304 (base 5) to base 12.
-73b2a
What is -16606 (base 15) in base 2?
-10001101000100111
What is -3123554 (base 7) in base 3?
-201002121002
23123131 (base 4) to base 2
1011011011011101
Convert -10101010101211 (base 3) to base 8.
-6657140
Convert -440403240 (base 5) to base 3.
-10112220202220
Convert -110111110111000111000 (base 2) to base 8.
-6767070
What is 3061506 (base 8) in base 6?
25222314
Convert 55735 (base 11) to base 2.
10011101101101001
-26130253 (base 7) to base 5
-1102032001
3241165 (base 7) to base 5
100142404
313021311213 (base 4) to base 9
30175843
What is -70531 (base 11) in base 14?
-29822
2203104 (base 6) to base 8
325760
Convert -16167 (base 12) to base 7.
-160222
Convert -3104024 (base 7) to base 5.
-43334034
Convert 31d7cb (base 16) to base 6.
154002415
What is -7373357 (base 8) in base 14?
-391927
444060 (base 11) to base 12
2a1992
Convert 5313621 (base 7) to base 15.
ca520
What is -736da5 (base 14) in base 15?
-52049d
What is -3523403 (base 6) in base 14?
-4a5ab
-10101101010100101000 (base 2) to base 9
-1301748
Convert 545533441 (base 6) to base 3.
200102121210021
Convert -284782 (base 13) to base 3.
-1211211212221
12326b6 (base 15) to base 12
4463469
What is 724516 (base 11) in base 4?
10123311121
What is -4098bb (base 16) in base 7?
-50661166
-122135041 (base 6) to base 8
-10745141
What is -23042300 (base 5) in base 14?
-550aa
3154344 (base 12) to base 5
4341132420
1012121102210 (base 3) to base 11
3a924a
Convert -20143230 (base 5) to base 16.
-27a0b
What is -3a20a (base 12) in base 15?
-18991
-2e4738 (base 16) to base 12
-1023188
Convert 633694 (base 12) to base 4.
11331030100
What is 51141144 (base 6) in base 9?
2664141
What is -6813304 (base 9) in base 7?
-43123543
Convert -804dc (base 14) to base 12.
-12a502
Convert 220312322201 (base 4) to base 7.
160016333
-2421401 (base 8) to base 16
-a2301
-1330200232 (base 4) to base 2
-1111100100000101110
Convert 110000001000100010 (base 2) to base 15.
3d639
-203321 (base 7) to base 11
-24171
111110111110001111 (base 2) to base 13
90532
What is -35167 (base 14) in base 12?
-62973
Convert 3e38a5 (base 15) to base 11.
1769183
14c501b (base 13) to base 10
6665722
What is 136014 (base 10) in base 3?
20220120120
21112101 (base 6) to base 13
18754c
-6314361 (base 7) to base 5
-143312103
-57048 (base 9) to base 12
-19b68
Convert -67043 (base 10) to base 8.
-202743
413975 (base 10) to base 15
829d5
1275544 (base 11) to base 2
1000011001111101000010
What is 751103 (base 11) in base 15?
18b247
What is 213331101 (base 4) in base 7?
1251105
1b2458 (base 12) to base 10
481028
What is 20004304 (base 5) in base 4?
212102131
-7448334 (base 9) to base 3
-21111122101011
19034 (base 12) to base 4
20313220
Convert 7fae3 (base 16) to base 3.
222120101121
What is -372040 (base 9) in base 5?
-24141233
Convert -1056624 (base 7) to base 4.
-200032320
Convert 104403 (base 9) to base 2.
1111001101010100
What is -128815 (base 11) in base 13?
-70c0a
Convert 1770224 (base 12) to base 16.
4a5c3c
Convert -111010111010100100010010 (base 2) to base 6.
-1311005042
What is -31610c (base 15) in base 6?
-122204033
What is 190c2 (base 16) in base 3?
12012201210
-80a3a (base 13) to base 16
-38353
Convert -325012 (base 8) to base 7.
-632656
Convert -1101314321 (base 5) to base 6.
-122444013
What is -226862 (base 9) in base 13?
-4a066
What is -1f066 (base 16) in base 6?
-2420154
-121c52 (base 13) to base 16
-69a43
44546675 (base 8) to base 16
92cdbd
-315545 (base 7) to base 2
-1101011000011111
-10010110001101110110 (base 2) to base 15
-c2491
Convert 1052662 (base 7) to base 2.
11111111001110110
773611 (base 8) to base 14
6aa5b
What is -20110212